173 = -g, -1874 = -4*v - 4*g + 290. What is the greatest common divisor of 17 and v?
17
Suppose 5*t + 6410 = 5*n, -8*n - 3*t + 7321 = -3001. Calculate the highest common factor of 1008 and n.
56
Suppose 5*u = -0*u + 360. Suppose 0 = 8*d + 98 + 62. Let x be (2 - -15) + 180/d. What is the highest common divisor of x and u?
8
Suppose -3*l = -o + 23, -4*o - 2*l - 10 = -60. Let g be (-17 + o)/(74/(-68) + 1). Calculate the greatest common factor of g and 918.
34
Suppose 11*p + 116*p = 4953. What is the highest common factor of 114 and p?
3
Let s(y) = 3*y**3 - 87*y**2 + y - 29. Let l be s(29). Suppose 2*b = 2*x + 230 + 460, l = -4*b - 2*x + 1356. Calculate the greatest common divisor of 62 and b.
31
Let s(v) = v**2 + 94*v + 2175. Let w be s(-35). Calculate the highest common divisor of 3828 and w.
22
Suppose -27 = -10*p + p. Suppose 0 = p*u + 4*z - 3, -3*u + 5*z + 5 = 2. Let d be 2/u*(1196/8 - 1). Calculate the greatest common factor of 33 and d.
33
Suppose 9*k - 20 = -155. Let t = k + 111. What is the greatest common divisor of t and 160?
32
Suppose 0*b = -2*b - 10. Let o be (-196)/b + (-2)/10. Let k be -4 + 2088/120 + ((-2)/5 - 0). What is the highest common divisor of k and o?
13
Suppose -7*z - 42 = -14*z. Let u(x) = -2*x**2 + 21*x + 3. Let i be u(z). What is the highest common factor of i and 627?
57
Let r be (-1628)/(-132) - (3/(-5) + 2/(-30)). What is the greatest common divisor of r and 54847?
13
Let k(q) = 2*q**2 - 2*q - 37. Let i be k(-5). Let c(v) = v**2 - 12*v - 1. Let o be c(i). What is the greatest common divisor of 189 and o?
63
Suppose 34 = 12*b - 62. Suppose b*z = 255 + 785. Calculate the greatest common factor of z and 13.
13
Suppose -6*a + 2*q + 2*q = -7324, -2*q + 3682 = 3*a. What is the greatest common divisor of a and 2016?
72
Let a = 196 - 87. Let r = a - -83. Let k = 240 + -216. Calculate the greatest common divisor of r and k.
24
Let l = -18611 + 18615. Let h be (-356)/(-22) - 2/11. What is the highest common divisor of l and h?
4
Let l = -15082 - -15211. Calculate the greatest common factor of 2236 and l.
43
Suppose 3103 + 8771 = 853*s - 68. Let h(v) = v + 18. Let u be h(0). Calculate the highest common factor of u and s.
2
Suppose 7*q + 189 = -184 + 3586. Calculate the greatest common divisor of 1581 and q.
51
Let g = 6628 - 4469. Calculate the highest common divisor of 51 and g.
17
Let s(d) = d + 39 + 65*d**2 - 17 - 21. Let m be s(-3). Calculate the greatest common divisor of m and 11.
11
Let p = -23698 - -24223. Calculate the highest common factor of p and 75.
75
Let p(c) = c**3 - 8*c + 28. Let z be -2 - (-4 - -4*(-5)/(-10)). Let v be p(z). What is the highest common divisor of 21 and v?
7
Let v be (140 + -132)/((-12)/15 - -1). Calculate the greatest common divisor of v and 140.
20
Let y be (-1)/(-3) + (-24)/(-9). Suppose 0*a - 14 = -2*j - y*a, -j - 3*a = -4. Let g = -167 + 217. What is the highest common divisor of g and j?
10
Suppose 3*n + 14 = 62. Let f be (-185346)/(-504) - ((-18)/16 + 1)*2. What is the highest common factor of n and f?
16
Suppose -5*l = -4*f + 2228, -6918*l = -2*f - 6913*l + 1084. Let q(u) = -u**3 + 6*u**2 + 4*u + 2. Let m be q(6). Calculate the highest common divisor of f and m.
26
Suppose 146*m - 287*m = -156*m + 10230. What is the greatest common divisor of 248 and m?
62
Let n(d) = -d**2 - 8*d + 3. Let u be n(3). Let v = u - -32. Suppose 5*x + 4 - 144 = 4*o, -v*x + 5*o = -56. What is the greatest common factor of 42 and x?
14
Let b be 288/(-3)*58/(-348). What is the highest common factor of 7664 and b?
16
Suppose -309*c + 290*c = -11248. Calculate the greatest common factor of 1258 and c.
74
Suppose 2*p + 2 = 4*p. Suppose 2*z - 3*x = p, 5*z - 3*x = 7 + 18. What is the highest common factor of z and 64?
8
Suppose -184*d = -58805 - 44051. Calculate the greatest common divisor of 533 and d.
13
Let d(j) = j**3 - 92*j**2 - 102*j - 3015. Let p be d(94). What is the highest common factor of p and 148?
37
Suppose -47*s - 46*s = -91*s - 102. Suppose -n - 2*k + 9 = 0, -4*n - 5*k - 2 = -5*n. Let r = 10 + n. Calculate the highest common factor of r and s.
17
Let g(o) = o**2 - 4*o + 7. Let a be g(3). Suppose -3*j = -12, 5*l - a*j = l - 172. Let m = -19 - l. What is the greatest common factor of m and 220?
20
Let m = 357 + 247. Suppose -8*j - 12 = -m. What is the highest common divisor of j and 37?
37
Let r = -64 + 124. Suppose 3*t - r = -3*t. What is the highest common divisor of 70 and t?
10
Suppose -26*p + 19*p + 112 = 0. Suppose 4080 = 14*v + p*v. Calculate the highest common factor of 16 and v.
8
Suppose k - 8 = 2*b - 0*b, -30 = 5*k + 4*b. Let i = 5555 - 3565. Let t be k/11 - (i/(-11))/5. Calculate the greatest common divisor of t and 72.
36
Let b = 308 - 313. Let p(h) = -h**3 - 3*h**2 + 6*h + 20. Let u be p(b). What is the highest common factor of 20 and u?
20
Suppose 3*a - 5*j = 9813, 4*a + 38*j = 43*j + 13069. What is the highest common factor of 518 and a?
74
Let r = 285 - 201. Let v(t) = t**2 - t - 1. Let q be v(3). Suppose 143 = 5*d - 3*m, 0 = -q*d - 0*m - 2*m + 138. What is the highest common factor of r and d?
28
Let b(h) = 718*h + 5388. Let l be b(4). Calculate the highest common factor of l and 70.
70
Suppose -11063 = -17*b - 557. Suppose 0 = -4*j + 2*q + b, 4*j - 657 + 41 = 4*q. What is the greatest common divisor of 62 and j?
31
Let b be (0 - 2)*(-256 + -716). What is the highest common factor of b and 8?
8
Let x(k) = -k**3 - 24*k**2 - 17*k + 30. Let b(z) = -z**2 + 1. Let l(w) = -5*b(w) + x(w). Let u be l(-18). Calculate the highest common factor of 77 and u.
7
Let b be -1*(3 - 42) + -12 + 13. What is the highest common factor of b and 580?
20
Let r be (-2)/(1*4) - 57603/(-182). What is the highest common divisor of r and 3239?
79
Let p(h) = -h**3 + 23*h**2 - 20*h - 44. Let a be p(22). Suppose 82 = n - a*n. What is the greatest common factor of 205 and n?
41
Let k = -9 + 6. Let u be 2/k - (-1398)/18. Suppose -5*c + 48 = y - 2, 0 = -5*c + 5*y + 80. What is the highest common factor of c and u?
11
Let c(x) = -x**3 - 10*x**2 - 11*x - 14. Suppose 4*k = -2 - 34. Let t be c(k). Let g be (1 - 17)/4 - -16. Calculate the greatest common divisor of t and g.
4
Suppose 0 = 31*z + 32589 - 153117. What is the greatest common factor of 96 and z?
48
Let y = -8865 - -13592. Calculate the greatest common divisor of 29 and y.
29
Let s(m) = 6*m**2 - 76*m + 616. Let c be s(9). Calculate the highest common divisor of c and 286.
22
Suppose 0 = -3*x - 4*x + 252. Let f be x/(-1)*92/(-12). What is the greatest common factor of f and 24?
12
Suppose -2263 = 7*r - 933. Let a = r - -196. Let c(m) = -m**2 - m + 18. Let j be c(0). Calculate the highest common factor of a and j.
6
Suppose -276*a + 271*a - 1220 = -5*p, 528 = 2*p + 3*a. What is the highest common divisor of p and 1728?
36
Suppose 9*t + 14*t - 24*t = 0. Suppose t*j + 128 = 3*h - 2*j, -5*h - 5*j = -205. Let c be (-6)/(-4)*196/h. What is the greatest common factor of 49 and c?
7
Suppose -169199 = -209*q + 140121. Calculate the highest common factor of 760 and q.
40
Suppose 0 = -2*m - 0*b + 4*b + 12, -b = -5*m + 21. Suppose -5*h - m*y + 2089 = -7*y, 0 = -3*y - 9. What is the greatest common divisor of 32 and h?
32
Let q be (117 - 115)/(2/3 + 0). Let i be (-65)/(-3) - ((-1)/q)/1. Calculate the greatest common factor of i and 198.
22
Suppose -5*u + 4*n + 83 + 372 = 0, 2*n + 91 = u. Suppose -386 = 55*k - 18*k - 1829. What is the highest common factor of k and u?
13
Let r be 60724/(-235)*10/(-4). Suppose 6*c - 138 = 2*c - v, 5*c - 164 = 3*v. Calculate the highest common divisor of c and r.
34
Let c(v) = v**3 - 21*v**2 - 16*v - 67. Let b(m) = m**2. Let y(z) = -3*b(z) - c(z). Let a be y(19). What is the greatest common factor of a and 2?
2
Let k(s) = -10*s - 6*s - 5*s - 6*s + 20*s - 106. Let c be k(-17). Let x(b) = -45*b + 1. Let f be x(-2). What is the highest common divisor of c and f?
13
Let l(i) = -i + 1. Let k be l(-4). Suppose k*w - 255 = -5*p, w - 2*p - 186 = -3*w. What is the greatest common divisor of w and 192?
48
Suppose -7*k = -33 + 19. Let m be (k - -29) + 5 + -10. What is the greatest common factor of m and 65?
13
Let t(p) = p**3 - 65*p**2 + 54*p + 1270. Let b be t(64). What is the highest common divisor of 135 and b?
45
Suppose 5 = 4*i + i. Suppose 0 = 